and 107624384.
1568
Calculate the greatest common factor of 27777365 and 40656.
847
What is the highest common factor of 13709808 and 2304?
144
What is the greatest common divisor of 10375398 and 14850?
594
Calculate the highest common factor of 431554 and 91274.
94
What is the greatest common factor of 14706 and 11362836?
4902
What is the highest common factor of 9755242 and 2562?
854
What is the greatest common divisor of 52 and 10800062?
26
What is the greatest common factor of 5161 and 20634075?
397
Calculate the greatest common divisor of 2105 and 3513245.
2105
What is the greatest common divisor of 159377710 and 9795?
3265
What is the greatest common divisor of 1421147 and 42826?
1127
What is the highest common factor of 230396179 and 533?
533
What is the highest common factor of 90137292 and 12?
12
What is the greatest common divisor of 3752971 and 85?
17
Calculate the highest common factor of 68260769 and 244.
61
Calculate the greatest common factor of 27692177 and 171.
19
Calculate the highest common divisor of 16440 and 13039660.
2740
Calculate the greatest common factor of 533524 and 224764.
332
Calculate the greatest common divisor of 1591688 and 661.
661
Calculate the greatest common divisor of 96 and 1159816.
8
Calculate the highest common divisor of 169091 and 533.
13
What is the greatest common divisor of 151962 and 498?
6
What is the greatest common divisor of 52 and 317151289?
13
Calculate the greatest common divisor of 369900 and 553480.
2740
Calculate the greatest common divisor of 51324 and 12246.
78
Calculate the highest common divisor of 3731896 and 448.
56
Calculate the highest common factor of 52420749 and 48507.
2553
Calculate the greatest common factor of 26 and 6608303.
13
What is the highest common divisor of 121 and 12562?
11
Calculate the greatest common divisor of 50224317 and 748.
11
What is the greatest common factor of 2676 and 20542314?
1338
What is the highest common factor of 11970 and 395829?
63
What is the greatest common divisor of 45756 and 78354608?
5084
Calculate the greatest common divisor of 351 and 61738820.
13
What is the greatest common factor of 214794184 and 374?
374
What is the highest common divisor of 376208651 and 91?
91
What is the greatest common divisor of 12506375 and 3500?
875
What is the greatest common divisor of 336 and 2822987328?
336
What is the greatest common factor of 2120094 and 18423?
207
What is the greatest common factor of 30153855 and 126281?
3413
Calculate the highest common factor of 7906608 and 18.
18
Calculate the highest common factor of 27324550 and 25.
25
What is the greatest common factor of 414702 and 657?
9
What is the greatest common factor of 17940252 and 1452?
132
Calculate the greatest common divisor of 39204 and 12837132.
4356
What is the highest common divisor of 88 and 69341976?
88
Calculate the highest common factor of 8067523 and 1754.
877
Calculate the greatest common factor of 3724 and 8564269.
931
Calculate the highest common factor of 162991 and 185617.
419
What is the highest common divisor of 1460 and 286355348?
292
Calculate the greatest common factor of 2981192 and 984.
328
What is the greatest common factor of 4856 and 356616?
8
What is the highest common factor of 3456 and 1520704?
64
What is the highest common factor of 514511 and 72217?
281
What is the greatest common factor of 3037218 and 212?
106
Calculate the greatest common factor of 2459987 and 103.
1
What is the greatest common divisor of 24 and 133881564?
12
What is the highest common divisor of 35800606 and 24208?
3026
What is the greatest common factor of 16298784 and 33966?
306
What is the greatest common factor of 84225 and 294900?
75
What is the highest common factor of 35235615 and 15?
15
What is the greatest common factor of 2669 and 149804?
17
Calculate the greatest common divisor of 17214 and 4614.
6
Calculate the highest common divisor of 3215164 and 18176.
284
What is the greatest common divisor of 2174000 and 4000?
2000
Calculate the greatest common divisor of 49404288 and 48.
48
Calculate the highest common factor of 1378 and 10750467.
689
Calculate the greatest common divisor of 441969 and 7980753.
1947
Calculate the greatest common divisor of 1705345 and 783.
29
Calculate the highest common divisor of 11500 and 11295375.
125
Calculate the highest common divisor of 78736 and 19994726.
1406
Calculate the greatest common factor of 411804 and 609.
3
What is the highest common factor of 2130019 and 2983?
157
What is the greatest common divisor of 655155 and 20490?
15
Calculate the highest common factor of 15084523 and 727.
727
What is the greatest common divisor of 22 and 136431823?
11
What is the greatest common divisor of 208 and 9179638?
26
What is the highest common divisor of 1915 and 80283311?
383
What is the highest common divisor of 4856137 and 667667?
4147
What is the highest common factor of 40 and 28962600?
40
Calculate the greatest common divisor of 8166 and 346763746.
2722
What is the highest common divisor of 22134 and 119029274?
7378
Calculate the greatest common divisor of 500707585 and 15.
5
What is the greatest common divisor of 506 and 29898137?
23
Calculate the greatest common factor of 240235 and 7015.
115
What is the highest common factor of 12811871 and 76?
19
Calculate the highest common factor of 141231179 and 716.
179
What is the greatest common divisor of 353082743 and 13?
13
What is the highest common divisor of 9235 and 334585?
5
What is the highest common factor of 313956 and 586188?
684
What is the highest common factor of 62553 and 35302900?
719
Calculate the highest common factor of 69832 and 278516.
812
Calculate the highest common divisor of 99 and 48874023.
99
What is the greatest common factor of 872 and 169622857?
109
Calculate the highest common divisor of 942593 and 5.
1
What is the highest common divisor of 92169 and 2393601?
2793
What is the greatest common factor of 47976 and 9297349?
1999
What is the greatest common divisor of 16649230 and 260?
130
What is the greatest common divisor of 271005758 and 2606?
2606
Calculate the greatest common divisor of 12227235 and 3.
3
Calculate the highest common divisor of 126 and 9919791.
63
Calculate the greatest common divisor of 127753 and 58781.
43
Calculate the highest common factor of 452845 and 26035.
205
What is the greatest common divisor of 8546817 and 6?
3
What is the greatest common factor of 208453145 and 310?
155
What is the highest common divisor of 54 and 15265440?
18
Calculate the highest common divisor of 1160029 and 5423.
493
What is the highest common divisor of 35809463 and 153?
17
What is the greatest common factor of 10640 and 73853570?
1330
Calculate the greatest common factor of 369 and 236725431.
123
What is the highest common factor of 6907567 and 253?
23
Calculate the greatest common divisor of 10 and 800023120.
10
What is the greatest common factor of 288927 and 5589?
243
Calculate the highest common factor of 622714 and 692128.
1006
Calculate the highest common factor of 15942 and 9714.
6
Calculate the greatest common divisor of 128 and 1046208.
64
What is the greatest common divisor of 585 and 32463665?
65
What is the greatest common divisor of 154960997 and 1453?
1453
Calculate the greatest common factor of 36 and 4871.
1
Calculate the greatest common factor of 101550 and 5248104.
4062
Calculate the greatest common divisor of 10480904 and 8036.
196
What is the highest common divisor of 58176712 and 44?
44
What is the highest common factor of 46682 and 52382696?
2746
What is the greatest common divisor of 253262594 and 26?
26
Calculate the highest common divisor of 10 and 185928590.
10
Calculate the highest common factor of 27 and 184005927.
9
Calculate the highest common factor of 114 and 67793976.
114
What is the highest common factor of 510 and 2182530?
30
Calculate the highest common factor of 754238412 and 18.
18
What is the highest common divisor of 17563 and 2288208?
2509
Calculate the highest common divisor of 129330 and 462235.
2395
What is the greatest common divisor of 1534 and 1744834?
26
What is the greatest common divisor of 79897088 and 58?
58
What is the greatest common factor of 595704 and 447?
3
Calculate the greatest common divisor of 94458